{"id":634,"date":"2026-03-11T15:49:55","date_gmt":"2026-03-11T14:49:55","guid":{"rendered":"https:\/\/bzv-ilmenau.de\/?page_id=634"},"modified":"2026-03-14T13:06:30","modified_gmt":"2026-03-14T12:06:30","slug":"galerie","status":"publish","type":"page","link":"https:\/\/bzv-ilmenau.de\/index.php\/galerie\/","title":{"rendered":"Galerie"},"content":{"rendered":"\n<div class=\"wp-block-buttons is-content-justification-right is-layout-flex wp-container-core-buttons-is-layout-a6d96f85 wp-block-buttons-is-layout-flex\">\n<div class=\"wp-block-button is-style-fill\"><a class=\"wp-block-button__link wp-element-button\" href=\"https:\/\/bzv-ilmenau.de\/index.php\/archiv\/\">Archiv<\/a><\/div>\n<\/div>\n\n\n\n<h2 class=\"wp-block-heading\"><strong>2026<\/strong><\/h2>\n\n\n\n<p>Fr\u00fchjahr<\/p>\n\n\n\n<figure class=\"wp-block-image aligncenter size-large is-resized\"><a href=\"https:\/\/bzv-ilmenau.de\/wp-content\/uploads\/2026\/03\/20260314_115743-scaled.jpg\"><img loading=\"lazy\" decoding=\"async\" width=\"577\" height=\"1024\" src=\"https:\/\/bzv-ilmenau.de\/wp-content\/uploads\/2026\/03\/20260314_115743-577x1024.jpg\" alt=\"\" class=\"wp-image-651\" style=\"width:225px;height:auto\" srcset=\"https:\/\/bzv-ilmenau.de\/wp-content\/uploads\/2026\/03\/20260314_115743-577x1024.jpg 577w, https:\/\/bzv-ilmenau.de\/wp-content\/uploads\/2026\/03\/20260314_115743-169x300.jpg 169w, https:\/\/bzv-ilmenau.de\/wp-content\/uploads\/2026\/03\/20260314_115743-768x1364.jpg 768w, https:\/\/bzv-ilmenau.de\/wp-content\/uploads\/2026\/03\/20260314_115743-865x1536.jpg 865w, https:\/\/bzv-ilmenau.de\/wp-content\/uploads\/2026\/03\/20260314_115743-1153x2048.jpg 1153w, https:\/\/bzv-ilmenau.de\/wp-content\/uploads\/2026\/03\/20260314_115743-scaled.jpg 1441w\" sizes=\"auto, (max-width: 577px) 100vw, 577px\" \/><\/a><figcaption class=\"wp-element-caption\">Gew\u00f6hnliche Kegelblume (oben) sowie das M\u00e4rz-Veilchen (unten)<\/figcaption><\/figure>\n\n\n\n<figure class=\"wp-block-gallery has-nested-images columns-default is-cropped wp-block-gallery-1 is-layout-flex wp-block-gallery-is-layout-flex\">\n<figure class=\"wp-block-image size-large\"><a href=\"https:\/\/bzv-ilmenau.de\/wp-content\/uploads\/2026\/03\/20260310_154445-scaled.jpg\"><img loading=\"lazy\" decoding=\"async\" width=\"1024\" height=\"577\" data-id=\"633\" src=\"https:\/\/bzv-ilmenau.de\/wp-content\/uploads\/2026\/03\/20260310_154445-1024x577.jpg\" alt=\"\" class=\"wp-image-633\" srcset=\"https:\/\/bzv-ilmenau.de\/wp-content\/uploads\/2026\/03\/20260310_154445-1024x577.jpg 1024w, https:\/\/bzv-ilmenau.de\/wp-content\/uploads\/2026\/03\/20260310_154445-300x169.jpg 300w, https:\/\/bzv-ilmenau.de\/wp-content\/uploads\/2026\/03\/20260310_154445-768x432.jpg 768w, https:\/\/bzv-ilmenau.de\/wp-content\/uploads\/2026\/03\/20260310_154445-1536x865.jpg 1536w, https:\/\/bzv-ilmenau.de\/wp-content\/uploads\/2026\/03\/20260310_154445-2048x1153.jpg 2048w\" sizes=\"auto, (max-width: 1024px) 100vw, 1024px\" \/><\/a><figcaption class=\"wp-element-caption\">2026&#8230;Es bl\u00fcht wieder!<\/figcaption><\/figure>\n\n\n\n<figure class=\"wp-block-image size-large\"><a href=\"https:\/\/bzv-ilmenau.de\/wp-content\/uploads\/2026\/03\/20260310_121512-scaled.jpg\"><img loading=\"lazy\" decoding=\"async\" width=\"1024\" height=\"577\" data-id=\"631\" src=\"https:\/\/bzv-ilmenau.de\/wp-content\/uploads\/2026\/03\/20260310_121512-1024x577.jpg\" alt=\"\" class=\"wp-image-631\" srcset=\"https:\/\/bzv-ilmenau.de\/wp-content\/uploads\/2026\/03\/20260310_121512-1024x577.jpg 1024w, https:\/\/bzv-ilmenau.de\/wp-content\/uploads\/2026\/03\/20260310_121512-300x169.jpg 300w, https:\/\/bzv-ilmenau.de\/wp-content\/uploads\/2026\/03\/20260310_121512-768x432.jpg 768w, https:\/\/bzv-ilmenau.de\/wp-content\/uploads\/2026\/03\/20260310_121512-1536x865.jpg 1536w, https:\/\/bzv-ilmenau.de\/wp-content\/uploads\/2026\/03\/20260310_121512-2048x1153.jpg 2048w\" sizes=\"auto, (max-width: 1024px) 100vw, 1024px\" \/><\/a><figcaption class=\"wp-element-caption\">Honigbiene voller Haselpollen<\/figcaption><\/figure>\n\n\n\n<figure class=\"wp-block-image size-large\"><a href=\"https:\/\/bzv-ilmenau.de\/wp-content\/uploads\/2026\/03\/20260310_153955-scaled.jpg\"><img loading=\"lazy\" decoding=\"async\" width=\"1024\" height=\"577\" data-id=\"632\" src=\"https:\/\/bzv-ilmenau.de\/wp-content\/uploads\/2026\/03\/20260310_153955-1024x577.jpg\" alt=\"\" class=\"wp-image-632\" srcset=\"https:\/\/bzv-ilmenau.de\/wp-content\/uploads\/2026\/03\/20260310_153955-1024x577.jpg 1024w, https:\/\/bzv-ilmenau.de\/wp-content\/uploads\/2026\/03\/20260310_153955-300x169.jpg 300w, https:\/\/bzv-ilmenau.de\/wp-content\/uploads\/2026\/03\/20260310_153955-768x432.jpg 768w, https:\/\/bzv-ilmenau.de\/wp-content\/uploads\/2026\/03\/20260310_153955-1536x865.jpg 1536w, https:\/\/bzv-ilmenau.de\/wp-content\/uploads\/2026\/03\/20260310_153955-2048x1153.jpg 2048w\" sizes=\"auto, (max-width: 1024px) 100vw, 1024px\" \/><\/a><figcaption class=\"wp-element-caption\">Vom ersten Sammeln wieder zur\u00fcck!<\/figcaption><\/figure>\n<\/figure>\n\n\n\n<figure class=\"wp-block-gallery has-nested-images columns-default is-cropped wp-block-gallery-2 is-layout-flex wp-block-gallery-is-layout-flex\">\n<figure class=\"wp-block-image size-large is-style-default\"><a href=\"https:\/\/bzv-ilmenau.de\/wp-content\/uploads\/2026\/03\/20260306_170351-scaled.jpg\"><img loading=\"lazy\" decoding=\"async\" width=\"577\" height=\"1024\" data-id=\"630\" src=\"https:\/\/bzv-ilmenau.de\/wp-content\/uploads\/2026\/03\/20260306_170351-577x1024.jpg\" alt=\"\" class=\"wp-image-630\" srcset=\"https:\/\/bzv-ilmenau.de\/wp-content\/uploads\/2026\/03\/20260306_170351-577x1024.jpg 577w, https:\/\/bzv-ilmenau.de\/wp-content\/uploads\/2026\/03\/20260306_170351-169x300.jpg 169w, https:\/\/bzv-ilmenau.de\/wp-content\/uploads\/2026\/03\/20260306_170351-768x1364.jpg 768w, https:\/\/bzv-ilmenau.de\/wp-content\/uploads\/2026\/03\/20260306_170351-865x1536.jpg 865w, https:\/\/bzv-ilmenau.de\/wp-content\/uploads\/2026\/03\/20260306_170351-1153x2048.jpg 1153w, https:\/\/bzv-ilmenau.de\/wp-content\/uploads\/2026\/03\/20260306_170351-scaled.jpg 1441w\" sizes=\"auto, (max-width: 577px) 100vw, 577px\" \/><\/a><figcaption class=\"wp-element-caption\">K\u00f6nigin (geschl\u00fcpft 2024) hat den Winter \u00fcberlebt.<\/figcaption><\/figure>\n\n\n\n<figure class=\"wp-block-image size-large\"><a href=\"https:\/\/bzv-ilmenau.de\/wp-content\/uploads\/2026\/03\/20260305_145215-scaled.jpg\"><img loading=\"lazy\" decoding=\"async\" width=\"1024\" height=\"577\" data-id=\"533\" src=\"https:\/\/bzv-ilmenau.de\/wp-content\/uploads\/2026\/03\/20260305_145215-1024x577.jpg\" alt=\"\" class=\"wp-image-533\" srcset=\"https:\/\/bzv-ilmenau.de\/wp-content\/uploads\/2026\/03\/20260305_145215-1024x577.jpg 1024w, https:\/\/bzv-ilmenau.de\/wp-content\/uploads\/2026\/03\/20260305_145215-300x169.jpg 300w, https:\/\/bzv-ilmenau.de\/wp-content\/uploads\/2026\/03\/20260305_145215-768x432.jpg 768w, https:\/\/bzv-ilmenau.de\/wp-content\/uploads\/2026\/03\/20260305_145215-1536x865.jpg 1536w, https:\/\/bzv-ilmenau.de\/wp-content\/uploads\/2026\/03\/20260305_145215-2048x1153.jpg 2048w\" sizes=\"auto, (max-width: 1024px) 100vw, 1024px\" \/><\/a><figcaption class=\"wp-element-caption\">Ein erster Blick ins Bienenvolk<\/figcaption><\/figure>\n\n\n\n<figure class=\"wp-block-image size-large\"><a href=\"https:\/\/bzv-ilmenau.de\/wp-content\/uploads\/2026\/03\/20250308_140143-scaled.jpg\"><img loading=\"lazy\" decoding=\"async\" width=\"1024\" height=\"577\" data-id=\"546\" src=\"https:\/\/bzv-ilmenau.de\/wp-content\/uploads\/2026\/03\/20250308_140143-1024x577.jpg\" alt=\"\" class=\"wp-image-546\" srcset=\"https:\/\/bzv-ilmenau.de\/wp-content\/uploads\/2026\/03\/20250308_140143-1024x577.jpg 1024w, https:\/\/bzv-ilmenau.de\/wp-content\/uploads\/2026\/03\/20250308_140143-300x169.jpg 300w, https:\/\/bzv-ilmenau.de\/wp-content\/uploads\/2026\/03\/20250308_140143-768x432.jpg 768w, https:\/\/bzv-ilmenau.de\/wp-content\/uploads\/2026\/03\/20250308_140143-1536x865.jpg 1536w, https:\/\/bzv-ilmenau.de\/wp-content\/uploads\/2026\/03\/20250308_140143-2048x1153.jpg 2048w\" sizes=\"auto, (max-width: 1024px) 100vw, 1024px\" \/><\/a><figcaption class=\"wp-element-caption\">Biene sammelt Nektar und Pollen vom Krokus<\/figcaption><\/figure>\n<\/figure>\n\n\n\n<p><\/p>\n","protected":false},"excerpt":{"rendered":"<p>2026 Fr\u00fchjahr<\/p>\n","protected":false},"author":6,"featured_media":0,"parent":0,"menu_order":0,"comment_status":"closed","ping_status":"closed","template":"","meta":{"site-sidebar-layout":"default","site-content-layout":"","ast-site-content-layout":"default","site-content-style":"default","site-sidebar-style":"default","ast-global-header-display":"","ast-banner-title-visibility":"","ast-main-header-display":"","ast-hfb-above-header-display":"","ast-hfb-below-header-display":"","ast-hfb-mobile-header-display":"","site-post-title":"","ast-breadcrumbs-content":"","ast-featured-img":"","footer-sml-layout":"","ast-disable-related-posts":"","theme-transparent-header-meta":"","adv-header-id-meta":"","stick-header-meta":"","header-above-stick-meta":"","header-main-stick-meta":"","header-below-stick-meta":"","astra-migrate-meta-layouts":"default","ast-page-background-enabled":"default","ast-page-background-meta":{"desktop":{"background-color":"var(--ast-global-color-5)","background-image":"","background-repeat":"repeat","background-position":"center center","background-size":"auto","background-attachment":"scroll","background-type":"","background-media":"","overlay-type":"","overlay-color":"","overlay-opacity":"","overlay-gradient":""},"tablet":{"background-color":"","background-image":"","background-repeat":"repeat","background-position":"center center","background-size":"auto","background-attachment":"scroll","background-type":"","background-media":"","overlay-type":"","overlay-color":"","overlay-opacity":"","overlay-gradient":""},"mobile":{"background-color":"","background-image":"","background-repeat":"repeat","background-position":"center center","background-size":"auto","background-attachment":"scroll","background-type":"","background-media":"","overlay-type":"","overlay-color":"","overlay-opacity":"","overlay-gradient":""}},"ast-content-background-meta":{"desktop":{"background-color":"var(--ast-global-color-4)","background-image":"","background-repeat":"repeat","background-position":"center center","background-size":"auto","background-attachment":"scroll","background-type":"","background-media":"","overlay-type":"","overlay-color":"","overlay-opacity":"","overlay-gradient":""},"tablet":{"background-color":"var(--ast-global-color-4)","background-image":"","background-repeat":"repeat","background-position":"center center","background-size":"auto","background-attachment":"scroll","background-type":"","background-media":"","overlay-type":"","overlay-color":"","overlay-opacity":"","overlay-gradient":""},"mobile":{"background-color":"var(--ast-global-color-4)","background-image":"","background-repeat":"repeat","background-position":"center center","background-size":"auto","background-attachment":"scroll","background-type":"","background-media":"","overlay-type":"","overlay-color":"","overlay-opacity":"","overlay-gradient":""}},"footnotes":""},"class_list":["post-634","page","type-page","status-publish","hentry"],"_links":{"self":[{"href":"https:\/\/bzv-ilmenau.de\/index.php\/wp-json\/wp\/v2\/pages\/634","targetHints":{"allow":["GET"]}}],"collection":[{"href":"https:\/\/bzv-ilmenau.de\/index.php\/wp-json\/wp\/v2\/pages"}],"about":[{"href":"https:\/\/bzv-ilmenau.de\/index.php\/wp-json\/wp\/v2\/types\/page"}],"author":[{"embeddable":true,"href":"https:\/\/bzv-ilmenau.de\/index.php\/wp-json\/wp\/v2\/users\/6"}],"replies":[{"embeddable":true,"href":"https:\/\/bzv-ilmenau.de\/index.php\/wp-json\/wp\/v2\/comments?post=634"}],"version-history":[{"count":7,"href":"https:\/\/bzv-ilmenau.de\/index.php\/wp-json\/wp\/v2\/pages\/634\/revisions"}],"predecessor-version":[{"id":658,"href":"https:\/\/bzv-ilmenau.de\/index.php\/wp-json\/wp\/v2\/pages\/634\/revisions\/658"}],"wp:attachment":[{"href":"https:\/\/bzv-ilmenau.de\/index.php\/wp-json\/wp\/v2\/media?parent=634"}],"curies":[{"name":"wp","href":"https:\/\/api.w.org\/{rel}","templated":true}]}}