{"id":13,"date":"2023-11-20T22:45:54","date_gmt":"2023-11-20T21:45:54","guid":{"rendered":"https:\/\/bzv-ilmenau.de\/?page_id=13"},"modified":"2026-03-05T17:55:31","modified_gmt":"2026-03-05T16:55:31","slug":"impressum","status":"publish","type":"page","link":"https:\/\/bzv-ilmenau.de\/index.php\/impressum\/","title":{"rendered":"Impressum"},"content":{"rendered":"\n<p>Bienenz\u00fcchterverein Ilmenau e.V.<\/p>\n\n\n\n<p>V.i.S.d.P.: Vorstandsvorsitzender &#8211; Steffen M\u00fchlnickel<br>Vereinsregister: Amtsgericht Ilmenau, VR 71<\/p>\n\n\n\n<p>Der Verein ist laut Schreiben des Finanzamtes Ilmenau als gemeinn\u00fctzig anerkannt.<\/p>\n\n\n\n<p>E-Mail: <a href=\"mailto:info@bienenzuechterverein-ilmenau.de\">info@bienenzuechterverein-ilmenau.de<\/a><\/p>\n\n\n\n<p><strong>Postanschrift<\/strong>:<\/p>\n\n\n\n<p>Bienenz\u00fcchterverein Ilmenau e.V.<br>c\/o Steffen M\u00fchlnickel<\/p>\n\n\n\n<p>Gartenstra\u00dfe 8<br>98693 Ilmenau<\/p>\n\n\n\n<hr class=\"wp-block-separator has-alpha-channel-opacity\"\/>\n\n\n\n<h2 class=\"wp-block-heading\"><strong>Haftungsausschluss<\/strong><\/h2>\n\n\n\n<p>Der Verein ist ausschlie\u00dflich f\u00fcr das eigene Informationsangebot verantwortlich. F\u00fcr verlinkte Informationen auf anderen Seiten kann trotz sorgf\u00e4ltiger Pr\u00fcfung keine Verantwortung \u00fcbernommen werden.<\/p>\n\n\n\n<hr class=\"wp-block-separator has-alpha-channel-opacity\"\/>\n\n\n\n<h2 class=\"wp-block-heading\"><strong>Datenschutzerkl\u00e4rung<\/strong><\/h2>\n\n\n\n<p>Wir nehmen den Schutz Ihrer pers\u00f6nlichen Daten sehr ernst und halten uns strikt an die Regeln der Datenschutzgesetze. Personenbezogene Daten werden auf dieser Webseite nur im technisch notwendigen Umfang erhoben. In keinem Fall werden die erhobenen Daten verkauft oder aus anderen Gr\u00fcnden an Dritte weitergegeben.<\/p>\n\n\n\n<p>Die nachfolgende Erkl\u00e4rung gibt Ihnen einen \u00dcberblick dar\u00fcber, wie wir diesen Schutz gew\u00e4hrleisten und welche Art von Daten zu welchem Zweck erhoben werden.<\/p>\n\n\n\n<h3 class=\"wp-block-heading\"><strong>Datenverarbeitung auf dieser Internetseite<\/strong><\/h3>\n\n\n\n<p>Diese Website erhebt und speichert automatisch in ihren Server Log Files Informationen. Dies sind:<\/p>\n\n\n\n<ul class=\"wp-block-list\">\n<li>Browsertyp\/ -version, sofern dieser von Ihrem Browser \u00fcbermittelt wird,<\/li>\n\n\n\n<li>verwendetes Betriebssystem, sofern dieser von Ihrem Browser \u00fcbermittelt wird,<\/li>\n\n\n\n<li>Referrer URL (die zuvor besuchte Seite), sofern dieser von Ihrem Browser \u00fcbermittelt wird,<\/li>\n\n\n\n<li>Hostname des zugreifenden Rechners (IP Adresse),<\/li>\n\n\n\n<li>angefragter URL,<\/li>\n\n\n\n<li>Uhrzeit der Serveranfrage (entsprechend der Systemzeit unseres Servers).<\/li>\n<\/ul>\n\n\n\n<p>Diese Daten (insbesondere die IP-Adresse) sind f\u00fcr uns nicht bestimmten Personen zuordenbar. Eine Zusammenf\u00fchrung dieser Daten mit anderen Datenquellen wird nicht vorgenommen, die Daten werden zudem nach einer statistischen Auswertung gel\u00f6scht. Sie k\u00f6nnen die \u00dcbertragung einiger der genannten Daten mittels Browsereinstellungen oder geeigneter Zusatzsoftware f\u00fcr ihren Internet-Browser unterbinden.<\/p>\n\n\n\n<h4 class=\"wp-block-heading\"><strong>Cookies<\/strong><\/h4>\n\n\n\n<p>Die Internetseiten verwenden an mehreren Stellen so genannte Cookies. Sie dienen dazu, unser Angebot nutzerfreundlicher, effektiver und sicherer zu machen. Cookies sind kleine Textdateien, die auf Ihrem Rechner abgelegt werden und die Ihr Browser speichert. Die meisten der von uns verwendeten Cookies sind so genannte \u201eSession-Cookies\u201c. Sie werden nach Ende Ihres Besuchs automatisch gel\u00f6scht. Cookies richten auf Ihrem Rechner keinen Schaden an und enthalten keine Viren. Sie k\u00f6nnen die Annahme und die Speicherung von Cookies in ihrem Internet-Browser individuell einstellen.<\/p>\n\n\n\n<h4 class=\"wp-block-heading\"><strong>Newsletter<\/strong><\/h4>\n\n\n\n<p>Wenn Sie einen ggf. auf der Webseite angebotenen Newsletter empfangen m\u00f6chten, ben\u00f6tigen wir von Ihnen eine valide Email-Adresse sowie Informationen, die uns die \u00dcberpr\u00fcfung gestatten, dass Sie der Inhaber der angegebenen Email-Adresse sind bzw. deren Inhaber mit dem Empfang des Newsletters einverstanden ist. Weitere Daten werden nicht erhoben.<br>Ihre Einwilligung zur Speicherung der Daten, der Email-Adresse sowie deren Nutzung zum Versand des Newsletters k\u00f6nnen Sie jederzeit widerrufen.<\/p>\n\n\n\n<h4 class=\"wp-block-heading\"><strong>Benutzerregistrierung\/Speicherung von Daten registrierter Benutzer<\/strong><\/h4>\n\n\n\n<p>Die Benutzerregistrierung ist freiwillig. Sie ist notwendig, um erweiterte Informationsangebote (z.B. vereinsinterne Nachrichten) nutzen zu k\u00f6nnen. Mit der Registrierung stimmen Sie der Verwendung und Speicherung dieser Daten zum Zweck der Nutzung des erweiterten Informationsangebotes zu. Gespeichert wird neben den bei der Registrierung erhobenen Daten (mindestens die E-Mail-Adresse, ein Kennwort und der Benutezrname) vom System das jeweils letzte Anmeldedatum mit Uhrzeit. Sie haben das Recht, jederzeit eine L\u00f6schung dieser bei der Registierung erhobenen Benutzerdaten zu verlangen. Damit ist f\u00fcr Sie der nur mit Registrierung zug\u00e4ngliche Bereich allerdings nicht mehr verf\u00fcgbar. Der Anbieter dieses Internetangebotes beh\u00e4lt es sich vor, eine Registerung nur auf Vereinsmitglieder zu beschr\u00e4nken (geschlossene Benutzergruppe).<\/p>\n\n\n\n<h3 class=\"wp-block-heading\"><strong>Auskunftsrecht<\/strong><\/h3>\n\n\n\n<p>Sie haben jederzeit das Recht auf Auskunft \u00fcber die bez\u00fcglich Ihrer Person gespeicherten Daten, deren Herkunft und Empf\u00e4nger sowie den Zweck der Speicherung. Auskunft \u00fcber die gespeicherten Daten gibt der Datenschutzbeauftragte (der Anbieterin, als Email-Link ausf\u00fchren).<\/p>\n\n\n\n<h3 class=\"wp-block-heading\"><strong>Weitere Informationen<\/strong><\/h3>\n\n\n\n<p>Ihr Vertrauen ist uns wichtig. Daher m\u00f6chten wir Ihnen jederzeit Rede und Antwort bez\u00fcglich der Verarbeitung Ihrer personenbezogenen Daten stehen. Wenn Sie Fragen haben, die Ihnen diese Datenschutzerkl\u00e4rung nicht beantworten konnte oder wenn Sie zu einem Punkt vertiefte Informationen w\u00fcnschen, wenden Sie sich bitte jederzeit an den Vorstand.<\/p>\n\n\n\n<h3 class=\"wp-block-heading\"><strong>Bildnachweis<\/strong><\/h3>\n\n\n\n<p>Fotos, Gestaltungselemente, Lehrbienenstand: Katharina Kerntopf, Ralph M\u00e4dicke<\/p>\n\n\n\n<h3 class=\"wp-block-heading\"><strong>Websitegestaltung<\/strong><\/h3>\n\n\n\n<p>Ralph M\u00e4dicke, Ilmenau<\/p>\n\n\n\n<p><\/p>\n","protected":false},"excerpt":{"rendered":"<p>Bienenz\u00fcchterverein Ilmenau e.V. V.i.S.d.P.: Vorstandsvorsitzender &#8211; Steffen M\u00fchlnickelVereinsregister: Amtsgericht Ilmenau, VR 71 Der Verein ist laut Schreiben des Finanzamtes Ilmenau als gemeinn\u00fctzig anerkannt. E-Mail: info@bienenzuechterverein-ilmenau.de Postanschrift: Bienenz\u00fcchterverein Ilmenau e.V.c\/o Steffen [&hellip;]<\/p>\n","protected":false},"author":2,"featured_media":135,"parent":0,"menu_order":0,"comment_status":"closed","ping_status":"closed","template":"","meta":{"site-sidebar-layout":"default","site-content-layout":"","ast-site-content-layout":"default","site-content-style":"default","site-sidebar-style":"default","ast-global-header-display":"","ast-banner-title-visibility":"","ast-main-header-display":"","ast-hfb-above-header-display":"","ast-hfb-below-header-display":"","ast-hfb-mobile-header-display":"","site-post-title":"","ast-breadcrumbs-content":"","ast-featured-img":"","footer-sml-layout":"","ast-disable-related-posts":"","theme-transparent-header-meta":"","adv-header-id-meta":"","stick-header-meta":"","header-above-stick-meta":"","header-main-stick-meta":"","header-below-stick-meta":"","astra-migrate-meta-layouts":"default","ast-page-background-enabled":"default","ast-page-background-meta":{"desktop":{"background-color":"var(--ast-global-color-5)","background-image":"","background-repeat":"repeat","background-position":"center center","background-size":"auto","background-attachment":"scroll","background-type":"","background-media":"","overlay-type":"","overlay-color":"","overlay-opacity":"","overlay-gradient":""},"tablet":{"background-color":"","background-image":"","background-repeat":"repeat","background-position":"center center","background-size":"auto","background-attachment":"scroll","background-type":"","background-media":"","overlay-type":"","overlay-color":"","overlay-opacity":"","overlay-gradient":""},"mobile":{"background-color":"","background-image":"","background-repeat":"repeat","background-position":"center center","background-size":"auto","background-attachment":"scroll","background-type":"","background-media":"","overlay-type":"","overlay-color":"","overlay-opacity":"","overlay-gradient":""}},"ast-content-background-meta":{"desktop":{"background-color":"var(--ast-global-color-4)","background-image":"","background-repeat":"repeat","background-position":"center center","background-size":"auto","background-attachment":"scroll","background-type":"","background-media":"","overlay-type":"","overlay-color":"","overlay-opacity":"","overlay-gradient":""},"tablet":{"background-color":"var(--ast-global-color-4)","background-image":"","background-repeat":"repeat","background-position":"center center","background-size":"auto","background-attachment":"scroll","background-type":"","background-media":"","overlay-type":"","overlay-color":"","overlay-opacity":"","overlay-gradient":""},"mobile":{"background-color":"var(--ast-global-color-4)","background-image":"","background-repeat":"repeat","background-position":"center center","background-size":"auto","background-attachment":"scroll","background-type":"","background-media":"","overlay-type":"","overlay-color":"","overlay-opacity":"","overlay-gradient":""}},"footnotes":""},"class_list":["post-13","page","type-page","status-publish","has-post-thumbnail","hentry"],"_links":{"self":[{"href":"https:\/\/bzv-ilmenau.de\/index.php\/wp-json\/wp\/v2\/pages\/13","targetHints":{"allow":["GET"]}}],"collection":[{"href":"https:\/\/bzv-ilmenau.de\/index.php\/wp-json\/wp\/v2\/pages"}],"about":[{"href":"https:\/\/bzv-ilmenau.de\/index.php\/wp-json\/wp\/v2\/types\/page"}],"author":[{"embeddable":true,"href":"https:\/\/bzv-ilmenau.de\/index.php\/wp-json\/wp\/v2\/users\/2"}],"replies":[{"embeddable":true,"href":"https:\/\/bzv-ilmenau.de\/index.php\/wp-json\/wp\/v2\/comments?post=13"}],"version-history":[{"count":11,"href":"https:\/\/bzv-ilmenau.de\/index.php\/wp-json\/wp\/v2\/pages\/13\/revisions"}],"predecessor-version":[{"id":561,"href":"https:\/\/bzv-ilmenau.de\/index.php\/wp-json\/wp\/v2\/pages\/13\/revisions\/561"}],"wp:featuredmedia":[{"embeddable":true,"href":"https:\/\/bzv-ilmenau.de\/index.php\/wp-json\/wp\/v2\/media\/135"}],"wp:attachment":[{"href":"https:\/\/bzv-ilmenau.de\/index.php\/wp-json\/wp\/v2\/media?parent=13"}],"curies":[{"name":"wp","href":"https:\/\/api.w.org\/{rel}","templated":true}]}}